-2).
1
Evaluate -3 + 2 + 0 - (20 - 13).
-8
Calculate 6 - -1 - ((0 - 6) + 11).
2
What is 5 + -13 + 5 + 14 + -5?
6
5 + -5 - (-2 + 1 + 1)
0
What is the value of -8 + -2 + 6 + 3 + 8?
7
Calculate 4 - (5 + 7) - (2 - 8).
-2
Calculate 3 + -3 + -3 + 1 + 5.
3
Calculate (1 - 1) + -7 - (744 - 741).
-10
What is the value of -20 + 21 + (2 - 8)?
-5
9 - (3 - (-8 + 7))
5
What is 12 + (-14 + 5 - 2)?
1
Evaluate 2 - -1 - 3 - (1 - 4).
3
What is the value of 37 + -39 - (-3 - (0 - 1))?
0
Calculate -2 - (3 + -8 - 5 - -6).
2
What is the value of (-2 - 3) + (-15 - -16)?
-4
What is the value of (3 - 2) + -1 + -2 - 4?
-6
What is the value of 1 + -3 + 2 + -2 - -3?
1
Evaluate 3 + (0 - -4) + 8 + -10.
5
Evaluate -13 - (-14 - (-7 - -3)).
-3
-10 - -15 - (-7 - -8)
4
Calculate -1 + 0 + 4 + 6 + -5.
4
What is 2 + (-2 - 5) - (13 - 20)?
2
What is -7 + 4 + (2 - 3)?
-4
What is the value of (1 - 0) + -1 - 2?
-2
Calculate 0 + -6 + 10 + -5.
-1
Evaluate 4 - (-6 - (-1 - (1 + -1))).
9
Calculate -1 + (5 + -3 - 1).
0
What is the value of (-1 - 0 - 5) + (-7 - -10)?
-3
-3 - (0 + -4 - 1 - -4)
-2
Calculate -8 - ((-2 - (4 + -3)) + -2).
-3
Evaluate (-4 - -7 - 10) + 1 + 4.
-2
Calculate (2 - -8) + (8 - 13).
5
What is (2 - (1 + 4)) + (1 - -4)?
2
Evaluate (2 - (-3 - -8)) + 2.
-1
Evaluate (-3 + 5 + -6 - 1) + 12.
7
Calculate 10 + -13 + (-2 - -8) + -2.
1
-1 + 3 + 1 + -1
2
7 - (5 - (-7 + -1))
-6
Calculate 11 + -5 + -12 + 4.
-2
What is the value of 5 - (-2 + 7 + -3)?
3
0 + -9 + 10 + 5
6
Evaluate (-3 - 0) + -18 + 17.
-4
-2 - 0 - (-1 - 12 - -10)
1
Calculate 0 - (8 - 2 - 10).
4
Calculate 0 - (0 + 4 - 1 - 3).
0
-11 + (6 - 7) + 8
-4
(-1 - (2 + (1 - 3))) + -4
-5
Calculate -4 + (-7 + 5 - (-2 + -1)).
-3
What is the value of -1 + 1 - (-101 + 104)?
-3
What is (4 + 1 + 7 - 6) + 1?
7
(3 - -2) + (6 - 9) + 3
5
3 - ((8 - 4) + -4)
3
Evaluate 3 + 2 + (2 - 3) + -7.
-3
(0 - -1 - -6) + -6 - 6
-5
Evaluate 0 + -3 + (-4 - -6).
-1
What is the value of -7 + (-1 - (0 + -14))?
6
What is the value of (1 - -1) + -4 + 2?
0
What is (-4 - -13) + -3 + (2 - 5)?
3
-1 + 4 + 3 + -3 + 1
4
Evaluate -9 + (-7 - 2 - (30 + -40)).
-8
Evaluate -8 - ((-9 - (-13 + 8)) + 5).
-9
What is the value of (0 - (-1 + 5)) + 3?
-1
What is 6 + -2 - (10 - 4 - 0)?
-2
Calculate -4 + (4 - 2 - 2) + 0.
-4
-2 + -5 + (2 - -6)
1
Calculate 18 + -10 + (-1 - 2 - 2).
3
What is the value of -1 - 1 - (-3 + (-2 - -4))?
-1
Calculate -8 + 12 + -6 + -1.
-3
Calculate -5 + 10 + -8 + (-2 - 1).
-6
Calculate -76 + 89 + -16 + 1.
-2
Evaluate -4 + (-1 + 3 - 3).
-5
What is the value of 7 - 8 - (0 - 5)?
4
Evaluate -5 - (6 + -4 + -5).
-2
Evaluate 8 + -8 + (4 - 1) - -4.
7
Calculate -6 + (-3 - -7) + -6 + 4.
-4
5 + -16 + 10 + -1 + -4
-6
Evaluate 0 - 4 - (4 + -2) - 0.
-6
Evaluate 4 + ((8 - 6) + -2 - 1).
3
Evaluate -5 + (5 + 4 - 6).
-2
What is -8 + (-1 - ((6 - 3) + -7))?
-5
Evaluate 0 + 5 + -2 - (9 + -6).
0
What is 2 + (-6 - -5) - (1 - 1)?
1
2 - -22 - 11 - 6
7
(13 - (7 - 7)) + -7
6
Calculate 2 + 4 + (0 - 3) - 8.
-5
Calculate -3 - (-1 + -2 - -4).
-4
-3 + 3 + 5 + (-6 - 0)
-1
Evaluate -66 + 60 - (-3 + -1).
-2
What is 5 + -11 + 4 + -1?
-3
Calculate 5 - (8 - (5 + -2 + -2)).
-2
What is the value of -11 + 7 + (-3 - -2)?
-5
What is the value of -6 - -3 - (4 - (-1 + 9))?
1
Calculate (-8 - (6 + -5)) + 6.
-3
What is the value of -16 + 13 + (1 - -5) + 1?
4
What is the value of -2 + 4 + (4 - 9)?
-3
Calculate (-2 - (7 + -1)) + 106 + -104.
-6
What is the value of 1 - ((-9 - -2) + 9 + 0)?
-1
Evaluate 4 + 3 - -1 - 3.
5
Calculate (3 + -5 - -5) + -9 - -1.
-5
Evaluate -1 + -4 - (26 - 30).
-1
What is the value of -3 + 3 + -4 - -2?
-2
Calculate 1 - 1 - 1 - (18 + -22).
3
6 - 3 - (44 - 39)
-2
What is (12 - (14 + -8)) + -11 - 1?
-6
Calculate 0 - (-3 + 3 - 0).
0
11 + (-18 - -10) - -3
6
What is 1 + -2 - (32 - 26)?
-7
-1 + -1 + (2 - -3) + -4
-1
What is the value of 0 + -1 - (-31 - -23)?
7
What is the value of (1 + 5 - 3) + -1 + 2?
4
Evaluate 15 + -3 + -4 + -1.
7
What is the value of (7 - (5 - 4)) + -4?
2
Evaluate 2 + -9 - -9 - -2.
4
-7 - -9 - (0 + 6)
-4
What is -1 + (11 - 4) + 1 - 5?
2
What is the value of -8 - 0 - (-6 + -6)?
4
Calculate (6 - 2) + -14 + 2.
-8
Calculate (-6 - ((-2 - -6) + -16)) + -2.
4
-6 + (3 - ((-3 - 0) + -4))
4
Evaluate 1 - (-3 + 2 + (-3 - -11)).
-6
-3 + 6 - 10 - -10
3
What is -2 + 1 + (8 - 4)?
3
Calculate (4 - -4 - 12) + 0.
-4
What is the value of 4 + -2 - (2 + (-2 - -2))?
0
-4 + 7 + 0 + -5
-2
What is the value of 6 + -5 + 6 + -2 + 1?
6
Evaluate -1 - 2 - -10 - 0.
7
Evaluate 6 - (10 + -5) - 2.
-1
Calculate 1 + 3 + (93 - 94).
3
11 - (9 - (-17 - -6))
-9
What is 3 + -5 - -4 - -2 - 0?
4
What is -2 + 7 + -4 + -2?
-1
What is the value of (5 - 6) + (0 + -2 - -4)?
1
What is (-7 - (7 + -24)) + -9?
1
-6 + (15 - 5) + (-5 - -1)
0
What is 2 - (3 + -4 + 0 + -2)?
5
What is the value of -1 - (-5 + 10) - -3?
-3
What is the value of -7 - 1 - (-21 - -16)?
-3
Calculate 10 - (12 - 6) - 9.
-5
Calculate -10 - -6 - (-7 + 9 + -10).
4
What is 9 + -1 + (-1 - (0 - -3))?
4
What is 4 - ((-1 - 5) + 9)?
1
-1 + 2 - (0 + -2)
3
Evaluate (2 + 4 - 3) + -2 - -4.
5
What is the value of 0 - -4 - (31 - 23)?
-4
Calculate 9 + 4 + -8 + 8 + -4.
9
What is -14 - -1 - (-30 - -7)?
10
What is 3 - (11 - 7) - 5?
-6
What is the value of (3 - 3) + (-6 - (-10 - -3))?
1
-9 + (1 + -1 - -6)
-3
Calculate 8 - (14 + 0) - -13.
7
Calculate -4 - (0 - (1 - (2 + 0))).
-5
What is the value of 5 - (3 + -3) - (7 + -1)?
-1
3 - 1 - (11 + -9)
0
10 + 1 - (7 - 2 - -3)
3
Calculate (3 - 1) + -5 - (-6 + 1).
2
What is the value of (2 - 7 - (1 + -2)) + 3?
-1
Evaluate -6 + (2 - -10) + 2.
8
Calculate 2 - (1 + 2 + -3).
2
-3 + 5 + 2 + -8 + 2
-2
Evaluate -12 + 2 + (-1 - -13).
2
Calculate 7 + -1 + 6 - 7.
5
Evaluate (1 - 4 - -8) + 14 + -15.
4
Evaluate (-4 - 2) + 0 - (10 + -12).
-4
-3 - -1 - (-5 + 2 - 0)
1
What is the value of -8 + (10 + -6 - -1) - 7?
-10
Calculate -5 + -6 + (-3 - -7) - -4.
-3
What is (3 - (-2 - -1)) + (-17 - -12)?
-1
3 - (-7 + 4 + (11 - -2))
-7
Calculate 4 + -3 + 5 - (7 - 1).
0
-2 - (0 - (1 + -1 - -2))
0
Calculate 0 - (3 + (-3 - -2)).
-2
Evaluate -5 - (-3 - 3) - 5.
-4
What is (3 - -4) + 8 + -20?
-5
What is -1 - (-2 + -9) - (3 - -2)?
5
Evaluate 2 - (1 + 4 + (1 - -1)).
-5
Evaluate (-49 - -29) + -4 + 17.
-7
What is -4 + -1 + 2 + 3?
0
Evaluate (-12 - -2) + 8 + 0.
-2
What is (0 - (0 + -2)) + 1?
3
What is the value of 2 + (-1 - (-2 + 0)) + 2?
5
What is -4 + 6 + 3 + -2?
3
What is the value of -6 - (-4 - (2 + -2 - 3))?
-5
What is -7 + 2 - -13 - 4 - 2?
2
-1 + -8 - (49 + -53)
-5
What is the value of 4 + 10 + -9 - (0 - -1)?
4
Calculate 0 + -5 - (-1 + 0 - 9).
5
Calculate 0 + -4 + (-3 - -12).
5
Evaluate 1 + 0 + 1 - (-21 + 21).
2
-4 - (-5 + (-2 - -2) - -2)
-1
What is the value of -4 - -8 - (1 + 0 + 5)?
-2
What is -4 - (4 - (1 - -3))?
-4
What is the value of 1 + -5 + -9 - -9?
-4
What is 36 - 41 - (-5 - 1)?
1
What is -4 + 4 + 4 + -4?
0
Evaluate 1 - (0 - -5 - 2).
-2
Calculate 6 + 1 + -1 + -8.
-2
Calculate -2 + 11 - (72 + -59).
-4
What is the value of 9 + -6 + -1 + -6?
-4
What is 12 + (-3 - 13) + 1?
-3
Evaluate -11 - ((1 - (-2 - 3)) + -8).
-9
What is -5 + 6 - (6 - 1) - -7?
3
Evaluate 0 - (5 - 6 - 0) - 5.
-4
Evaluate -5 + (14 + -13 - (0 + 1)).
-5
1 - (-5 + 1 + 1 + 6)
-2
(-1 - 3) + 12 + -6 + -7
-5
Evaluate (6 - 9 - (5 - 1)) + 9.
2
Calculate 6 - (4 - (3 - 3 - -3)).
5
Calculate 11 + (1 - 6) + 1.
7
Evaluate (-11 - 6 - -13) + (-4 - 0).
-8
What is (3 - 4) + (-11 - (-7 + 1))?
-6
Calculate -4 - 0 - (1 + -6 + 2).
-1
What is the value of -10 + 4 - (-4 - 7)?
5
What is the value of (3 - (7 - 1)) + (5 - 3)?
-1
Calculate 3 + -1 - (-6 + (8 - 5)).
5
What is 1 + (-6 - 0) - -9?
4
Evaluate 4 + -3 + 4 + -8 + -7.
-10
Calculate -14 - (-4 + (-8 - (-4 + -1))).
-7
What is -10 + 4 + 8 + -3?
-1
Calculate (3 - -4) + -1 + -5.
1
What is the value of -31 - -25 - (1 - 5)?
-2
What is the value of (3 - (0 + 0)) + -1 + 2?
4
Evaluate 4 + 6 + -6 - (-5 + 2).
7
What is -2 + (11 - 13) + 11 + 1?
8
-1 + 5 + 3 + (5 - 9)
3
1 + -2 - (7 + (-9 - -4))
-3
What is -6 + (6 - -1) + 3 + 4?
8
Calculate 7 - (-1 + -6 + 8 + -3).
9
What is 0 + (1 - (2 - -1))?
-2
What is the value of 1 - (-2 + -5 + 1 - -4)?
3
Calculate -7 + 3 + (-13 - -8) + 3.
-6
What is (-8 - (-18 + 4)) + 3?
9
What is the value of 5 - ((-8 - -8) + (7 - 0))?
-2
What is the value of -7 - ((-19 - -1) + 10)?
1
What is -1 + 1 + 2 + 3?
5
7 + -3 - (-1 - -9)
-4
2 + 8 + -15 + 0
-5
Calcula